lculate the remainder when 76 is divided by (-102)/36*3*-2.
8
Suppose 0*d + 5*c = 3*d - 68, -4*c - 96 = -5*d. Let o = 240 - 131. Calculate the remainder when o is divided by d.
13
Let n = -376 + 808. Calculate the remainder when n is divided by 29.
26
Suppose -b + u = -11, -8*u - 25 = -2*b - 9*u. Calculate the remainder when 225 is divided by b.
9
Suppose x = -x + 46. Suppose -4*u - 15 = -23. Suppose -u*t - 8 = -2*k + 8, 3*t - 48 = -3*k. What is the remainder when x is divided by k?
11
Suppose h + 38 = 61. Let j = -8 + h. What is the remainder when j is divided by 4?
3
Suppose -50 - 22 = -3*v. Let c be 4/18 - (-32)/18. Suppose 20 + 6 = c*x. Calculate the remainder when v is divided by x.
11
Let p = 2 + 0. Suppose -50 = -5*g - t, 0 = -p*g + 5*g - 4*t - 7. Let a = 186 + -135. Calculate the remainder when a is divided by g.
6
Let h(o) = o**3 - 7*o**2 + 3*o + 1. What is the remainder when h(7) is divided by 12?
10
Let d be 2/(-10)*-28 - 6/10. Suppose -d*z - c + 66 = 0, -4*c = 5*z - 2*z - 26. Calculate the remainder when 153 is divided by z.
13
Suppose 5*l - 64 = 46. What is the remainder when 40 - (22/(-8) + 1/(-4)) is divided by l?
21
Suppose -5*y + 91 = 2*y. What is the remainder when 180 is divided by y?
11
Suppose 0 = 11*i + 84 - 2262. Calculate the remainder when i is divided by 20.
18
Suppose 191 = 20*o - 789. What is the remainder when o is divided by 6?
1
Suppose 0 = -5*j + 5*i + 15, 4*j + 28 = -2*i - 2*i. Calculate the remainder when 59 is divided by (21/(-6))/(j/12).
17
Let s(u) = -12*u - 33. Let f(m) = -m**2 - 3*m - 3. Let h be f(-3). Calculate the remainder when 9 is divided by s(h).
0
Let p(t) = -4*t**3 + t**2 + 6*t + 1. Let v(y) = -3*y**3 + 5*y + 1. Let n(q) = -2*p(q) + 3*v(q). Calculate the remainder when 4 is divided by n(-3).
0
Suppose -r = -4*r + 9. Let d = 6 - 4. Suppose 36 = 4*n + 2*j - j, r*j = -n - d. Calculate the remainder when 37 is divided by n.
7
Suppose 0 = 6*n + 2*n - 72. Suppose -3*m = -n - 30. What is the remainder when m is divided by 3?
1
Let w be (-10)/25 + 51/15 + 1. Suppose -3*l + 449 = -5*k, 634 = 4*l + w*k - 18. Calculate the remainder when l is divided by 32.
30
Let m = 883 - 832. What is the remainder when m is divided by 6?
3
Let o be (-3 - (-1 + -1))/((-4)/20). Suppose -7*l + 5*l = 5*i - 13, -3*l = -o*i - 82. What is the remainder when 46 is divided by l?
8
Let o(y) be the third derivative of y**4/4 - 3*y**3 + 2*y**2. Calculate the remainder when o(9) is divided by 10.
6
Let q = 10 - 2. Let m be 1 + (1 + 60 - 3). Let x = m - q. What is the remainder when x is divided by 26?
25
Let g(t) = -t + 42. What is the remainder when g(-11) is divided by 7?
4
Suppose 22 + 34 = 7*o. Let y = 7 - 2. Suppose 5*h = 3*q - q + 65, -3*h - y*q + o = 0. Calculate the remainder when 30 is divided by h.
8
Suppose 138 = 5*y + 3*a - 8, -2*y + 47 = 5*a. Calculate the remainder when y is divided by 20.
11
Let a be (-284)/3 - 6/(-9). Let z be 5 - (-3 + -141) - 0. Let f = a + z. Calculate the remainder when f is divided by 19.
17
Let d(m) be the third derivative of m**4/24 + 2*m**3/3 - 8*m**2. Let c be d(-7). What is the remainder when 5 is divided by -1 + 6/((-6)/c)?
1
Let v = -130 - -140. Calculate the remainder when v is divided by 4.
2
Suppose -v + 160 = 2*v - 5*l, 192 = 4*v + 4*l. Let s = -51 - -85. Suppose -2*k - t = -s, 3*k + 0*t - 51 = 4*t. Calculate the remainder when v is divided by k.
16
Suppose 0 = -4*p - 4, -5*w = -w + p - 239. What is the remainder when 119 is divided by w?
59
Let l(v) = 3*v + 37. What is the remainder when 57 is divided by l(-11)?
1
Suppose -d = -3*d. Let g be (d - -4)/((-1)/(-3)). Suppose -g = -y + 8. Calculate the remainder when 56 is divided by y.
16
Let s = 595 + -359. Suppose 4*l + 3*v = s, -v = -l + v + 48. What is the remainder when l is divided by 15?
11
Let u(q) = 25*q + 10. Suppose 0 = 4*g + x - 73, -2*g - 4*x = 2*g - 76. What is the remainder when g is divided by u(0)?
8
Suppose -2*g - 7*b + 2*b + 24 = 0, -g - 6 = -2*b. Suppose -d = -2*d - 3*n + 58, -g*d = -4*n - 106. What is the remainder when d is divided by 20?
15
Let s(o) = -o**3 + 11*o**2 - 16*o - 15. Calculate the remainder when 82 is divided by s(9).
1
Let n(g) = 32*g - 7. Let l be n(5). Let h = 208 + -131. Suppose 5*j - l = h. What is the remainder when j is divided by 12?
10
Let u = -8 - -13. Let x(d) = d - 1. Let w(j) = -j**2 + 8*j + 4. Let a(z) = w(z) - 3*x(z). Calculate the remainder when a(u) is divided by 3.
1
Let j = -130 - -705. Calculate the remainder when j is divided by 58.
53
Suppose -4*f + w = -249, 3*w + 208 = 2*f + 81. Suppose 2*q - 20 = -2*o + 5*q, -4*o + 56 = 2*q. Calculate the remainder when f is divided by o.
10
Let n be (-5 - 1)*(-2)/4. Suppose 6*d + 3 = -m + 4*d, -n*m = -5*d - 13. Calculate the remainder when 23 + 1 + (5 - m) is divided by 10.
8
Calculate the remainder when 189 is divided by (112/(-35))/(4/(-80)).
61
Let n(h) = 21 + 6*h**2 - 22 + 30*h**2. What is the remainder when n(2) is divided by 36?
35
Let a(m) = 231*m + 476. What is the remainder when 173 is divided by a(-2)?
5
Let v(i) = -i**3 + 20*i**2 + i - 7. Let x be (0 + 5)*(-1 - -3). What is the remainder when v(20) is divided by 82/x - 1/5?
5
Suppose -2*d = -g - 7*d + 15, 3*d = 5*g - 19. Suppose -g*n + 8 = 3*s, 28 = 4*s + 3*n + 10. What is the remainder when 68/3 + 3/9 is divided by s?
5
Let z = 7 - -7. Let l = z + -12. Suppose l*u + q - 44 = -u, -5*q + 10 = u. What is the remainder when 73 is divided by u?
13
Let w(q) = q**3 + 27*q**2 + 106*q - 22. Calculate the remainder when w(-20) is divided by 12.
10
Let w be (-32)/6*9/(-4). Let t = w + 19. Calculate the remainder when t is divided by 16.
15
Suppose -2*h + 34 = -10. Let w(r) = -r + 8. Suppose -2*j - 5 = -6*j + t, -4*j = -2*t - 10. Calculate the remainder when h is divided by w(j).
6
Let a = 19 + 16. Let s = a - -7. Let l = s - 20. Calculate the remainder when l is divided by 8.
6
Suppose 3*y - 99 = -6*y. Suppose 0 = -2*p - y + 63. What is the remainder when 51*1 - (-1 + 1) is divided by p?
25
Let c = 86 + -44. Let o = c - 8. Suppose 0 = -v - 3*h + h + 17, -8 = -2*h. Calculate the remainder when o is divided by v.
7
Suppose -2*y = -217 + 3. Let a be (2/6)/(3/639). Suppose 4*r - a = -3*g + 2*r, -3*g + 2*r + 91 = 0. Calculate the remainder when y is divided by g.
26
Suppose -q - 4*q = 150. Suppose 0*z + 5*z - 170 = 0. What is the remainder when z is divided by (-18)/q + 42/5?
7
Suppose 2*l = 0, 5*w - 3*l = -13 - 7. Let v(x) = -7*x**3 - 2*x**2 + 2*x + 2. What is the remainder when v(-2) is divided by ((-152)/57)/(w/18)?
10
Let l be ((-24)/5)/((-14)/(-525)). What is the remainder when 16/5*l/(-8) is divided by 15?
12
Let d(b) = 53*b - 160. Calculate the remainder when d(18) is divided by 19.
15
Let b(r) = -4*r**2 - 1 - 4 + 3 + 5*r**2. Calculate the remainder when 12 is divided by b(3).
5
Calculate the remainder when 197 is divided by ((-10)/25)/(2 - (-91)/(-45)).
17
Let b = 81 - 39. Let g = 87 + -16. Let v = g - b. What is the remainder when 85 is divided by v?
27
Let j = 81 - 43. Suppose 0 = -35*a + 13*a + 440. What is the remainder when j is divided by a?
18
Suppose 0 = -6*i + 616 + 1076. Calculate the remainder when i is divided by 71.
69
Let l(y) = y**2 + 6*y + 11. Let i be l(-3). Suppose 4*k = -4*r + 136, 4*r + 5*k = i*r + 59. What is the remainder when r is divided by 7?
2
Let t(s) = 15*s**2 + 9*s - 35. What is the remainder when 631 is divided by t(3)?
123
What is the remainder when (-18)/(-12)*(-1 + 113/3) is divided by 18?
1
Let i = -296 - -467. Let h = 266 - i. What is the remainder when h is divided by (-1)/(-4) + (-381)/(-12)?
31
Suppose 13*m = 15*m - 544. Suppose -w = -4*p + m, 5*p = -0*p + 4*w + 329. Let x = p - 38. What is the remainder when x is divided by 16?
15
Let i = 326 - -75. Suppose -4*f + i = -g - 27, f = g + 110. What is the remainder when f is divided by 27?
25
Suppose -6*r - 516 = -12*r. Suppose 0 = 3*o - r + 44. Calculate the remainder when 38 is divided by o.
10
Suppose 22*j - 282 - 928 = 0. Suppose h + 2*h - 232 = -5*r, -4*r = h - 180. Let t = -30 + r. Calculate the remainder when j is divided by t.
13
Let x be 0 - (-5 + 4 + -4). Let g = 67 - x. What is the remainder when g is divided by 17?
11
Suppose d = 3*i - 2 + 19, 3*d - i = 19. Let p(k) = -k**2 + 5*k - 6. Let 